hest common divisor of 66 and 5908782.
66
Calculate the greatest common divisor of 4818 and 542454.
66
Calculate the highest common factor of 889 and 27168729.
889
Calculate the greatest common factor of 483584 and 158.
2
Calculate the greatest common factor of 142422 and 1344.
42
What is the greatest common divisor of 79545 and 4755?
15
Calculate the highest common divisor of 19539 and 97864839.
1503
What is the highest common factor of 1339 and 29311019?
103
Calculate the greatest common factor of 2898 and 12267.
9
Calculate the greatest common divisor of 260408 and 516.
172
What is the highest common divisor of 128 and 20995736?
8
Calculate the greatest common divisor of 427220 and 9641105.
2605
What is the greatest common factor of 441 and 181285839?
441
What is the greatest common factor of 78292 and 8717?
23
Calculate the greatest common divisor of 3327365 and 6345.
235
What is the highest common factor of 19868631 and 663?
51
Calculate the highest common factor of 2937628 and 380.
76
Calculate the highest common factor of 19500621 and 1239.
1239
Calculate the greatest common factor of 25957 and 37067.
101
What is the greatest common factor of 2114798 and 630?
14
What is the greatest common factor of 799 and 16666482?
47
What is the greatest common divisor of 72963 and 1989297?
603
What is the highest common divisor of 2144855 and 106523?
2879
What is the greatest common factor of 816247 and 15341?
529
What is the greatest common divisor of 135737238 and 462?
42
What is the greatest common divisor of 1404 and 707724?
108
What is the greatest common divisor of 57006 and 18687?
3
Calculate the highest common divisor of 32696 and 3128568.
488
Calculate the highest common divisor of 1076 and 27131.
1
Calculate the highest common divisor of 106631408 and 85904.
12272
Calculate the greatest common divisor of 111051250 and 50.
50
Calculate the greatest common factor of 47308814 and 1078.
98
Calculate the greatest common factor of 8137878 and 1491.
1491
What is the highest common factor of 7054859 and 1334?
667
What is the greatest common factor of 22728 and 131214426?
5682
What is the highest common factor of 1331 and 128489416?
1331
Calculate the greatest common divisor of 3378940 and 836877.
3929
Calculate the greatest common divisor of 10305595 and 215.
215
What is the greatest common divisor of 30 and 121674336?
6
Calculate the highest common factor of 33 and 1240251.
3
What is the greatest common factor of 1041194 and 2156?
154
What is the highest common factor of 34813 and 10624703?
1123
Calculate the greatest common factor of 31 and 512741860.
31
What is the highest common divisor of 45145998 and 486?
486
What is the greatest common factor of 54 and 894519?
9
Calculate the greatest common divisor of 9020 and 1285760.
820
Calculate the highest common divisor of 6324 and 6697932.
204
Calculate the highest common factor of 1892 and 60740.
4
What is the greatest common factor of 434742 and 6237?
231
Calculate the highest common factor of 40 and 125399080.
40
Calculate the highest common factor of 69769 and 287.
7
Calculate the highest common factor of 8056 and 3010930.
2014
Calculate the greatest common divisor of 60 and 532313610.
30
Calculate the highest common divisor of 254456 and 37264.
136
Calculate the highest common divisor of 30592686 and 30.
6
What is the greatest common factor of 101157210 and 4620?
2310
What is the greatest common divisor of 45 and 61599465?
45
Calculate the highest common divisor of 10556 and 300531959.
2639
Calculate the highest common factor of 39713 and 111589.
151
Calculate the greatest common factor of 130 and 9925.
5
What is the greatest common divisor of 64272889 and 16461?
1829
What is the greatest common divisor of 8624 and 23929444?
2156
Calculate the highest common factor of 21616 and 49616.
112
What is the highest common divisor of 97267610 and 330?
110
What is the greatest common divisor of 1771 and 11184371?
253
Calculate the highest common divisor of 197208 and 58080.
264
Calculate the greatest common factor of 22606 and 5340.
178
Calculate the greatest common divisor of 887494313 and 361.
361
Calculate the greatest common divisor of 86829393 and 2958.
87
Calculate the highest common divisor of 6655899 and 26553.
159
What is the greatest common divisor of 678 and 23330319?
339
Calculate the highest common factor of 17876 and 1186540.
164
What is the highest common factor of 398924595 and 243?
243
Calculate the highest common divisor of 69255904 and 32.
32
What is the highest common factor of 3 and 3140131?
1
What is the highest common divisor of 3466566 and 738?
18
What is the highest common factor of 84857775 and 450?
75
What is the greatest common factor of 40223616 and 303552?
5952
What is the greatest common divisor of 5423656 and 1288?
56
What is the greatest common factor of 1222546 and 10816?
338
Calculate the greatest common divisor of 253924461 and 34.
17
What is the greatest common factor of 529942 and 34?
2
Calculate the highest common divisor of 6952 and 332432.
632
Calculate the highest common factor of 384 and 2037992.
8
Calculate the highest common divisor of 22043509 and 2932.
733
Calculate the highest common divisor of 171 and 105966876.
57
Calculate the greatest common divisor of 144610454 and 8913.
2971
What is the greatest common factor of 265 and 357884885?
265
Calculate the highest common factor of 6396 and 3565237.
533
Calculate the greatest common factor of 2288 and 4782778.
286
What is the highest common factor of 4 and 84242908?
4
Calculate the highest common divisor of 1521 and 1041885.
1521
Calculate the highest common factor of 1198944 and 181.
181
Calculate the highest common factor of 1397 and 2068.
11
Calculate the highest common factor of 10569054 and 59201.
1117
What is the highest common factor of 666 and 19863117?
333
Calculate the greatest common divisor of 14714 and 20757250.
2102
What is the highest common divisor of 344 and 3811176?
344
What is the highest common factor of 102551203 and 803?
73
What is the greatest common factor of 4774080 and 70720?
320
Calculate the greatest common divisor of 17803764 and 913.
11
Calculate the greatest common factor of 19572 and 235343514.
9786
What is the highest common divisor of 196 and 45516639?
49
What is the highest common divisor of 13847 and 1347018?
227
What is the greatest common divisor of 179248736 and 42940?
8588
What is the highest common factor of 11422 and 256?
2
What is the greatest common factor of 64 and 12711472?
16
Calculate the highest common divisor of 2807 and 12744582.
401
Calculate the greatest common divisor of 1936266 and 738.
246
Calculate the highest common factor of 20413146 and 78.
78
Calculate the greatest common divisor of 32330 and 204045.
305
Calculate the greatest common divisor of 7180180 and 740.
20
Calculate the greatest common divisor of 84616 and 64.
8
Calculate the greatest common divisor of 25860 and 168924.
12
What is the highest common divisor of 66650 and 11719550?
1550
What is the highest common factor of 82175910 and 3170?
3170
Calculate the highest common divisor of 85625 and 218789.
137
Calculate the greatest common divisor of 606151045 and 5.
5
Calculate the highest common factor of 4 and 11123758.
2
What is the highest common factor of 32778096 and 768?
48
What is the highest common factor of 5133072 and 324?
12
Calculate the greatest common divisor of 146 and 40354.
2
What is the highest common factor of 18 and 30686571?
9
What is the highest common factor of 60 and 150952608?
12
What is the greatest common factor of 10 and 2049799520?
10
What is the highest common divisor of 292100 and 2484?
92
What is the greatest common divisor of 7 and 620964260?
7
Calculate the greatest common factor of 1881 and 75853602.
99
What is the highest common factor of 100978888 and 1336?
1336
What is the highest common factor of 1781 and 52347152?
1781
What is the greatest common divisor of 19084 and 1892020?
52
Calculate the highest common factor of 111473980 and 2158.
166
Calculate the greatest common factor of 528 and 1874136.
264
Calculate the highest common divisor of 1914065775 and 90.
45
Calculate the highest common factor of 1174580918 and 1171.
1171
Calculate the greatest co